e highest common factor of 20 and u.
20
Suppose -57*o = -56*o + 3*s - 2279, 0 = 4*o - 4*s - 9068. Suppose 5*u - o = -5*v, 3*v - 1375 = -4*u + 437. What is the greatest common factor of 25 and u?
25
Let d = 292 - 18. Let u = 386 - d. Let q be 4 + 14 + -6 + 4. What is the greatest common divisor of u and q?
16
Let v be (-4)/3*(496/128)/(-31)*66. Let y be (-1)/(-1) - (-1 - 20). Calculate the greatest common factor of v and y.
11
Let d(a) = a + 4. Let f be d(7). Let c = -120 - -126. Let n be 2 + c + 6 - 3. What is the greatest common divisor of n and f?
11
Let w be 916/(-16)*((-32 - 2) + (29 - 23)). Calculate the greatest common factor of w and 112.
7
Let t be 4/(1 - 2)*-1. Suppose 0 = -j + t. Let p = 17153 + -17149. What is the highest common divisor of j and p?
4
Suppose -4*w + 49 = -5*f, f = -3*w + 4*f + 39. Calculate the highest common factor of 216 and w.
8
Let x be (-24360)/20 + 2*1. Let k be (x/36 - -6) + 4/(-18). Let l be ((-973)/k - 5)/(1/4). Calculate the greatest common factor of l and 7.
7
Let x be (8 + -9)*(-5 - -5). Suppose x*o = -14*o + 840. Calculate the highest common factor of o and 285.
15
Suppose -5*b + 7*b = -3*v + 603, -b = -3*v - 324. Suppose 3*w + 51 = p + b, -4*p = -4*w + 336. Calculate the highest common divisor of 29 and w.
29
Let c = 2025 - 1960. What is the greatest common divisor of c and 143?
13
Let c(y) = -3*y + 21. Let p be c(-8). Suppose -p = -10*j + 13*j. Let g be j/(-6) - (-3)/(-6). Calculate the highest common divisor of g and 6.
2
Let p be 2/3 - 164/3. Let d = -45 - p. Let w be (-1 + -2)*(-2 + -1). What is the greatest common factor of d and w?
9
Let r = 112 + -44. What is the highest common divisor of 153 and r?
17
Let s(v) = -4562*v - 22684. Let h be s(-5). Let r = -95 + 179. Calculate the greatest common factor of h and r.
42
Let r be (3 + 2 + -2)/(84/616). What is the greatest common factor of 99 and r?
11
Let m be (-50 + 67)*(-4 + 9). What is the highest common divisor of m and 315?
5
Let w = -2850 - -2894. Calculate the greatest common divisor of w and 1331.
11
Suppose -4*w + 5*t + 61 = -0*w, 1 = -t. Let f(p) = -233*p**3 + 2*p + 7. Let z be f(-2). Suppose 29*d - 163 = z. What is the highest common factor of w and d?
14
Suppose f + 3*c - 77 = 0, -6*f - c = -f - 329. Let k = 57483 + -57470. Calculate the highest common factor of k and f.
13
Let u(c) = 780*c - 4671. Let x be u(6). Calculate the greatest common factor of 82 and x.
1
Let v = 2119 + -1271. Let j(g) = -225*g + 691. Let r be j(3). Calculate the greatest common divisor of r and v.
16
Let v = -305 - -335. Let r be 15*(-12)/10*v/(-20). Let o = 11 + 7. What is the greatest common divisor of o and r?
9
Suppose 595*k + 56736 = 2571601 + 303055. Calculate the greatest common divisor of 37 and k.
37
Suppose 88*a - 65 = 93*a. Let c = 73 + a. What is the greatest common divisor of c and 36?
12
Let q(o) = -2*o**3 - 3*o**2 + 10*o + 9. Let d be q(-3). Suppose 10*u - d*u - 3*k - 3271 = 0, 814 = u + 3*k. What is the highest common divisor of 43 and u?
43
Let b be 229*(14 + 12 - -5) + (-1 - 1). What is the greatest common divisor of b and 151?
151
Let j(s) = -17*s**2 - 11*s + 10. Let q be j(4). Let o = q - -345. What is the greatest common factor of 507 and o?
39
Let j = -5826 - -7245. Calculate the highest common factor of 15 and j.
3
Suppose 4*v - 3*i = 2*i + 220, -i = 4. Let b be (920/207)/(1/(-3))*-3. What is the highest common factor of v and b?
10
Let i be 6/(-27) + 240/108. Suppose -2*h = -3*s + 2477 + 534, 0 = 4*s - i*h - 4012. Calculate the highest common factor of s and 77.
77
Let h(p) = p**2 + p - 3. Suppose 12*s - 37 + 13 = 0. Let x be h(s). Suppose -2*t - 2 = -4, -2*l - x*t + 19 = 0. What is the greatest common divisor of l and 20?
4
Let w(s) = s**2 + 2*s - 5. Let z be w(-5). Let h(b) = -b**2 - 47*b - 2. Let o be h(-43). Calculate the highest common divisor of o and z.
10
Let y be 13 - -1*(-2 - 7). Suppose -13 - 2 = -b. Let u be y/10 + 39/b. Calculate the highest common factor of 3 and u.
3
Let y = -176 - -374. Let j be (-18 + y)*(-2)/(-4). What is the greatest common factor of j and 135?
45
Let v = -1661 + 1089. Let s = -336 - v. Let h = s - 92. What is the greatest common factor of 18 and h?
18
Let r be 4/(-20) + 5618/(-10). Let v = r - -953. Calculate the greatest common factor of 17 and v.
17
Let d(h) = -h**3 + 10*h**2 - 14*h - 1. Let p be d(8). Let a(g) = 4*g - 53. Let o be a(p). Calculate the highest common factor of o and 7.
7
Let p(b) = 23*b + 145. Let v be p(43). Let o = v - 729. Calculate the greatest common factor of o and 15.
15
Suppose 2*o + 2690 = 3*v + 2*v, -4*v = 4*o - 2124. What is the greatest common divisor of 56 and v?
8
Let o = 4 + -2. Suppose -3*a - 6 = -0, 0 = k - o*a - 32. Let y = -77 - -147. Calculate the greatest common divisor of y and k.
14
Let w be (5 - 8) + ((-4)/(-3))/(80/3180). What is the greatest common divisor of 13525 and w?
25
Suppose -3*f = w + 217, 5*w + 1611 = 2*f + 458. Let y = 317 + w. What is the highest common factor of y and 33?
11
Let m(x) = -573*x + 12. Let v be m(-2). Let f = v + -1134. Let l be (-162)/(-4) - 2/4. Calculate the highest common divisor of l and f.
8
Let q = -124 - -200. Let w = q + -4. What is the highest common factor of w and 8?
8
Let g = 8200 - 7924. What is the greatest common divisor of g and 114?
6
Let z be 66/10 + 4/10. Let d = 110 - 170. Let n be ((-91)/(-5) - d/75) + -5. What is the highest common factor of n and z?
7
Let f be (1/(-2))/(1/(-130)*5). Calculate the greatest common factor of 9607 and f.
13
Suppose 13 = -p + 165. Suppose 14 = -2*v - 2*s, -v - 31*s + 28*s - 37 = 0. Calculate the greatest common divisor of v and p.
8
Let f(k) = -6 + 3*k**2 - 24*k + 35 - 2*k**2. Let t be f(23). Suppose -5*h = -0*h - 45. What is the highest common factor of h and t?
3
Let o = -40 - -34. Let z be 12*1*o/8. Let f be 26/117 - 322/z. What is the greatest common factor of 9 and f?
9
Let j be 2/4*(2 + -1 + -1). Let x(v) = v + 36. Let b be x(j). What is the greatest common factor of b and 180?
36
Suppose h = 13*h - 216. Let b(k) = -6*k - 10 - 7*k - 9*k + h*k. Let y be b(-3). What is the highest common divisor of y and 2?
2
Let i = 1936 + -1831. Calculate the greatest common divisor of i and 1960.
35
Let g(x) = -x**2 - 25*x + 683. Let q be g(-38). Calculate the highest common divisor of q and 999.
27
Let j be -5 - (-11526)/45 - 6 - 14/105. What is the highest common divisor of 10045 and j?
245
Let u = -61 + 74. Let h = -74 + 191. Calculate the greatest common factor of u and h.
13
Let q(s) = -s**3 + 10*s**2 - 11*s + 16. Let h be q(4). Let z(t) = 3*t**3 - t**2 - 3*t + 3. Let f be z(2). Calculate the greatest common factor of h and f.
17
Let d = 10 + -6. Suppose d*x = -3*u + 602, -5*x = 2*u - 80 - 326. Let h be (-5)/(-2)*-3*44/(-15). Calculate the greatest common factor of u and h.
22
Let y be (-2)/2 + (113 - 0) + -4. Suppose 0 = -2*j - 2*u + 52, 0 = -4*u + 9*u - 10. Calculate the greatest common divisor of y and j.
12
Suppose -20*g + 16*g = -58 - 38. What is the greatest common factor of g and 2004?
12
Suppose 5*w = 5*v - 350, -6*v + 380 = -v + w. Suppose 2*u - 113 = -v. What is the greatest common factor of 1425 and u?
19
Let t = -64 + 80. Calculate the greatest common factor of t and 848.
16
Suppose h + 61 = -0*s + s, h = 2*s - 117. Let v be (6 - 0) + -11 + (-13 - -32). What is the greatest common divisor of v and s?
14
Let g = -876 - -895. What is the greatest common divisor of g and 1577?
19
Let z be 12/(-18) + (-192)/(-18). Suppose -z = -3*d + 4*m, 5*d - 70 = -0*d - 4*m. Calculate the highest common divisor of 430 and d.
10
Suppose -5*t - a = 421, 7 = -a + 6. Let b = -66 - t. What is the highest common divisor of 12 and b?
6
Suppose 20 = 14*k - 4*k. Suppose 4*n = 2*f + 86, -12*f + 73 = k*n - 7*f. Suppose -25*m + n*m = -7. Calculate the greatest common factor of m and 56.
7
Let c(j) = j**3 - 7*j**2 - 85*j + 1079. Let f be c(19). Calculate the highest common divisor of f and 52.
52
Let f be 4587/(-12) + (-9)/12. Let n = f - -391. What is the highest common divisor of 232 and n?
8
Suppose 20*f = 4*f + 448. Suppose 4*x - 1352 = -g + 5*g, 4*g = -2*x + 664. What is the highest common divisor of x and f?
28
Let w = -11659 + 22537. Calculate the highest common divisor of 28 and w.
14
Suppose 